21825 = 0, -10380 = -3*d + 3*y. Is 133 a factor of d?
True
Let g = 42 - 39. Let k be ((-1)/(-2))/(g/(-174)). Let s = k + 41. Does 3 divide s?
True
Suppose -6*a + 2529 = -4575. Is 8 a factor of a?
True
Let z(k) = 12*k**2 - 26*k - 145. Does 6 divide z(-4)?
False
Let t = 23 + 43. Suppose t = 5*n - 364. Is 12 a factor of n?
False
Is 14 a factor of (-164 + 38)/((-2)/2)?
True
Suppose -i + 27 = 5*r, 0 = 3*i - 4*r + 10 + 4. Suppose -3*l = i*m - 168, -462 = -5*m + l + 2*l. Is m a multiple of 15?
True
Let f(p) = -p**2 - 13*p + 432. Does 5 divide f(0)?
False
Let h = -15 - -14. Is (h - 2) + 4 - -22 a multiple of 23?
True
Is ((-2)/4)/(19/(-1406)) a multiple of 14?
False
Let l(x) = -x**3 - 28*x**2 + x + 61. Let u be l(-28). Suppose -55 = -4*f + 21. Let i = u - f. Does 13 divide i?
False
Let z(w) = w**2 - 11*w - 13. Let g be z(11). Let s(v) = v**2 + 6*v - 16. Does 15 divide s(g)?
True
Suppose 0 = 109*y - 115*y + 1512. Is y a multiple of 7?
True
Let d(h) = -2*h**2 + 8*h + 70. Is d(0) a multiple of 27?
False
Let s = -709 + 195. Is 33 a factor of 5/((-5)/2) + s/(-2)?
False
Let a(m) = m**3 - 2*m + 21. Let t be a(0). Suppose n - 5*j = 21, 87 - t = 4*n - 2*j. Is 4 a factor of n?
True
Suppose 0 = n - 465 - 81. Let k = -322 + n. Is k a multiple of 56?
True
Let l = 524 + 565. Is 77 a factor of l?
False
Suppose 0 = -4*b + p - 580, -p = 4*b + 4*p + 604. Does 5 divide (-4)/1*-1*b/(-8)?
False
Suppose -69*s + 74*s = 120. Is 4 a factor of s?
True
Suppose 2*q - 29 = 237. Does 8 divide q?
False
Let b = 5673 - 3934. Does 17 divide b?
False
Let k(v) = 3*v + 8*v**2 - 2 - 7*v**2 - 12. Let b be k(-6). Suppose -b*s + 79 = 7. Is s a multiple of 7?
False
Suppose -23*f + 20*f + 1620 = 0. Does 54 divide f?
True
Let n be 15/(-90) + 370/(-12). Let i = n + 22. Let j(v) = -4*v - 1. Is 22 a factor of j(i)?
False
Suppose 8 = -11*h + 9*h. Does 11 divide ((-1)/3)/(h/528)?
True
Let w(l) = l**2 - 8*l - 1. Let j be w(5). Let k be ((-6)/4)/(12/j). Suppose -3*z + 62 + 50 = m, -k*z = -2*m - 88. Does 13 divide z?
True
Suppose -32*r + 27*r - 5*n = -535, 0 = 3*r + n - 323. Is 6 a factor of r?
True
Suppose -2 + 14 = -3*y, 3*h - 3*y - 2454 = 0. Suppose -5*x - h = -16*x. Does 18 divide x?
False
Suppose -31 = -u + 2*k + 2*k, u + 2*k = 13. Let q = -28 + u. Is 9 a factor of 3/q - (-245)/15?
False
Let c be (-1)/3 - (-50)/15. Suppose 0 = 2*k + c*k - 40. Suppose -75 = 3*g - k*g. Is g a multiple of 7?
False
Suppose 42*q + 15023 = 84953. Is 45 a factor of q?
True
Let d(z) = 2 - 4*z**3 + 0 + 10*z**2 + 5*z**3 + 8*z + 3. Is 38 a factor of d(-5)?
False
Suppose p - 10*p + 8271 = 0. Does 15 divide p?
False
Let f(n) = 11*n**2 + 29*n - 28. Does 4 divide f(-9)?
False
Suppose 2*t - 2 = t. Suppose -9 - 1 = -t*o. Suppose -o*p + 2*p + 54 = 0. Is p a multiple of 6?
True
Let g(h) = -3*h**2 + 2*h. Let u be g(-5). Let y = u - -13. Is 24 a factor of -4 + 2 - (-2 + y)?
True
Let v(g) = -g**3 + g**2 + 54. Let o(u) = -u**3 - 2*u**2 - u. Let w be o(-1). Let t be v(w). Let h = t + -20. Does 17 divide h?
True
Is 46 a factor of (-7 - -10)*(-5735)/(-15)?
False
Let y(j) = 13*j + 2. Let s be y(0). Let f be (3 + -1)/(2/3). Suppose -s*t - 4*w = -8*w - 62, 4*w - 53 = -f*t. Is t a multiple of 21?
False
Let t(q) be the third derivative of -q**6/120 + 7*q**5/60 - 5*q**4/24 - q**3 - 17*q**2. Does 2 divide t(4)?
True
Is 34 a factor of (-16)/(-80) - 4879/(-5)?
False
Let p be -1*(0 - (-1 + 1)). Suppose 2*i + 174 = 5*h - 26, p = -4*h + 3*i + 160. Is h a multiple of 10?
True
Let a = -2372 + 4388. Is 16 a factor of a?
True
Let j be (-3)/((0 + -1)*6/(-102)). Let c = j + 91. Is 4 a factor of c?
True
Suppose 5*s - g = 1 + 20, 8 = s - 4*g. Suppose s*w + 0*w = 0. Suppose -17 = -n - 5*h, 2*n + 5*h - 11 - 13 = w. Is n a multiple of 4?
False
Let m = 1 - -45. Suppose 4*c - m = 6. Is 9 a factor of c?
False
Let t(a) = 1868*a**2 - 36*a - 1. Is 11 a factor of t(-1)?
True
Let f(h) = 3*h + 3. Let r be f(0). Suppose 0*t = r*t - 312. Does 16 divide (4 + t/(-10))*-10?
True
Let r = 92 + 31. Does 3 divide r?
True
Let d be (3/((-6)/4))/2. Is 28 a factor of d + 58 - (-1 + 2)?
True
Suppose i = 3*r + 11, -12 = -4*i + r - 5*r. Let d(f) = -i*f + 2*f - 6 + 4*f - 7*f. Is 21 a factor of d(-5)?
False
Let b = 454 - 384. Let q(h) = -h**2 + h + 5. Let x be q(4). Let d = x + b. Is d a multiple of 15?
False
Is 2 a factor of (-2)/(-17) + (-4986)/(-102)?
False
Let o(p) = -19*p - 42. Does 68 divide o(-38)?
True
Suppose -21 + 9 = -4*l. Suppose 0 = -l*y - 4*o + 7, 3*o + 53 = 5*y - 7. Suppose -4*k + y = -43. Does 13 divide k?
True
Suppose 16*n - 15*n = 0. Suppose n = 3*l + u - 90, u - 90 = -3*l + 2*u. Is 9 a factor of l?
False
Suppose -w - 2*u = -17, w + 1 = -3*u + 21. Let m(c) = -6 - c**3 - c**2 + 5*c**2 + 4*c + 9*c + 6*c**2. Does 13 divide m(w)?
False
Let i be -3*31/2*-10. Suppose 0 = 5*h - 5*p + i, -h + 4*p - 103 = p. Is 10 a factor of 244/11 - (-16)/h?
False
Suppose -236*f = -224*f - 372. Is 3 a factor of f?
False
Let d = -11 + 15. Let t(b) = -b**2 - 16*b - 9. Let u be t(-7). Suppose -d*p + u = -58. Is 14 a factor of p?
True
Let b be 10/6 - (-2)/(-3). Let t be 0 - ((-1 - b) + 4). Is 15/6*(10 - t) a multiple of 10?
True
Suppose 5*s - 3*x - 278 = 0, -5*s + 128 = -x - 158. Suppose 0 = -r - s + 120. Does 10 divide r?
False
Let y = 73 - 44. Suppose f = 31 + y. Is f a multiple of 12?
True
Let l be 2*(-2)/(-8) - (-828)/(-72). Let k(f) = -7*f - 5. Does 9 divide k(l)?
True
Is -5*(8 - 424/10) a multiple of 2?
True
Let l(n) = n**3. Let i be l(0). Suppose -a = 0, 0 = 5*p - i*a - 5*a + 10. Let g = p - -17. Is 15 a factor of g?
True
Let v = 5 + -1. Suppose q = 3*p - 12, 0 = -v*q - 13 + 1. Suppose 5*t + s - 83 = 0, -p*t + 2*s = 6*s - 43. Is t a multiple of 9?
False
Suppose -12 = 4*w - 0. Let p be 0*(7/w)/(-7). Suppose p = 4*y + 2*y - 456. Is y a multiple of 33?
False
Let j(y) = y - 5. Let l(o) = 3*o**3 - 3*o**2 + o + 1. Let w be l(2). Does 10 divide j(w)?
True
Let m(o) = o**3 + 3*o**2 - 2*o + 5. Let t be m(-4). Let j be 2/(-2) + t - -35. Does 10 divide (-1 + j)/(2/1)?
False
Suppose -11*i = -259 - 434. Does 6 divide i?
False
Let p(b) = 5*b**3 + 6*b**2 + 6*b - 40. Does 100 divide p(4)?
True
Let k = -1307 + 1317. Is 2 a factor of k?
True
Let l(p) = -3*p**3 - 17*p**2 - 7*p + 17. Is 57 a factor of l(-7)?
False
Let i be (1/5)/(6/30). Suppose -2*k - i = 3, 5*k + 506 = -z. Does 15 divide 4/20 + z/(-20)?
False
Suppose -x + 2*a = -549, -5*x + 6*x - 3*a - 546 = 0. Is x a multiple of 112?
False
Suppose -3193 - 1023 = -4*u. Is 15 a factor of 8/140*-5 - u/(-14)?
True
Suppose -2185 = -9*m + 65. Does 10 divide m?
True
Let f be 1/((-1 - 1)/(-34)). Suppose -4*a + 3*a = -f. Suppose -a = -3*j + 22. Does 13 divide j?
True
Suppose -2*b + 3 = -y - 2, 4*b = -4*y + 16. Suppose p - 108 = -b*p. Does 3 divide p/(-1)*(-3)/9?
True
Let o(x) = 11*x**2 - 9*x - 26. Is o(-3) a multiple of 25?
True
Suppose -53 + 17 = -4*t. Suppose t*y - 4*y = -5*a, 5*y + 15 = 0. Suppose 0 = -4*g + a*g + 4. Is g a multiple of 4?
True
Suppose -13*u + 1463 = -2*u. Does 13 divide u?
False
Suppose 0 = -5*p - 4*w + 1504, 2*p + p - 897 = 3*w. Suppose 2*u + 4*v - p = 0, v - 17 - 562 = -4*u. Is u a multiple of 12?
True
Suppose -4*x + 3*x = 0. Suppose 2*t - 1 = 2*h + 7, 3*t - 2*h = 9. Does 32 divide 3 + 97 + t + x?
False
Let i(m) = -11*m - 18. Let x(u) = 6*u + 9. Let a(q) = 4*i(q) + 7*x(q). Let z be a(-8). Does 5 divide (3 - 3 - 0) + z?
False
Suppose -27 = -5*h - 2. Let x(u) = -u**3 - 10 + 7*u - h*u - 4*u - 9*u**2. Is x(-9) a multiple of 4?
True
Suppose -5*x - 313 - 11 = -c, -2*x - 3*c - 116 = 0. Let y(m) = 16*m - 3. Let l be y(6). Let z = l + x. Is 9 a factor of z?
False
Suppose -3*x - 17*g = -14*g - 1692, x - 561 = -4*g. Is 9 a factor of x?
False
Let i = 748 + -430. Does 56 divide i?
False
Let i(l) = l**2 + 16*l + 76. Is 127 a factor of i(41)?
True
Let d(q) = 330*q - 150. Is 75 a factor of d(5)?
True
Suppose 13*h - 11*h + 6 = 0. Let a(s) = 15*s**2 - s - 2. Does 34 divide a(h)?
True
Let i(w) = 2*w. Let k be i(1). Suppose k*q - 4*q - 199 = -5*o, 4*o = -3*q + 150. Suppose -197 = -5*j + 4*r, j - r = -0*r + o. Is j a multiple of 19?
False
Suppose -155*s - 1944 = -161*s. Is 4 a factor of s?
True
Let t be 9/3 - (2 - -1). Suppose 3*o - 5*o - 4 = t. Is 3 a factor of o/(-5) + 28/5?
True
Suppose -3*j - 3302 = -2*s - j, 3*s + 4*j = 4946. Does 25 divide s?
True
Suppose 20